{"id":783,"date":"2023-06-30T11:37:25","date_gmt":"2023-06-30T09:37:25","guid":{"rendered":"https:\/\/sommet-sante-sexuelle.fr\/2023\/produit\/place-de-la-psychomotricite-dans-la-sante-sexuelle\/"},"modified":"2023-08-12T12:51:27","modified_gmt":"2023-08-12T10:51:27","slug":"place-de-la-psychomotricite-dans-la-sante-sexuelle","status":"publish","type":"product","link":"https:\/\/sommet-sante-sexuelle.fr\/2023\/produit\/place-de-la-psychomotricite-dans-la-sante-sexuelle\/","title":{"rendered":"Place de la psychomotricit\u00e9 dans la sant\u00e9 sexuelle"},"content":{"rendered":"<p>Psychomotricienne sexologue au Centre Hospitalier Alpes-Is\u00e8re, B\u00e9reng\u00e8re Tonnot abordera l&rsquo;importance du corps et de ses mouvements dans la vie sexuelle et amoureuse.<\/p>\n<p>Elle pr\u00e9sentera \u00e9galement des exemples concrets de la prise en charge des troubles sexuels par la psychomotricit\u00e9, ainsi que des strat\u00e9gies pour renforcer la confiance en soi et la r\u00e9appropriation de son corps.<\/p>\n<p>Cette intervention est destin\u00e9e aux professionnels de sant\u00e9, aux \u00e9tudiants et \u00e0 toute personne int\u00e9ress\u00e9e par la sant\u00e9 sexuelle et la psychomotricit\u00e9.<\/p>\n","protected":false},"excerpt":{"rendered":"<p>Psychomotricienne sexologue au Centre Hospitalier Alpes-Is\u00e8re, B\u00e9reng\u00e8re Tonnot abordera l&rsquo;importance du corps et de ses mouvements dans la vie sexuelle et amoureuse. Elle pr\u00e9sentera \u00e9galement des exemples concrets de la prise en charge des troubles sexuels par la psychomotricit\u00e9, ainsi que des strat\u00e9gies pour renforcer la confiance en soi et la r\u00e9appropriation de son corps. &hellip; <\/p>\n","protected":false},"featured_media":577,"comment_status":"open","ping_status":"closed","template":"","meta":{"_acf_changed":false,"_uag_custom_page_level_css":""},"product_brand":[],"product_cat":[22],"product_tag":[],"class_list":{"0":"post-783","1":"product","2":"type-product","3":"status-publish","4":"has-post-thumbnail","6":"product_cat-non-classe","8":"first","9":"instock","10":"virtual","11":"sold-individually","12":"purchasable","13":"product-type-webinar"},"acf":[],"uagb_featured_image_src":{"full":["https:\/\/sommet-sante-sexuelle.fr\/2023\/wp-content\/uploads\/sites\/3\/24.jpg",1080,1080,false],"thumbnail":["https:\/\/sommet-sante-sexuelle.fr\/2023\/wp-content\/uploads\/sites\/3\/24-150x150.jpg",150,150,true],"medium":["https:\/\/sommet-sante-sexuelle.fr\/2023\/wp-content\/uploads\/sites\/3\/24.jpg",300,300,false],"medium_large":["https:\/\/sommet-sante-sexuelle.fr\/2023\/wp-content\/uploads\/sites\/3\/24.jpg",640,640,false],"large":["https:\/\/sommet-sante-sexuelle.fr\/2023\/wp-content\/uploads\/sites\/3\/24.jpg",640,640,false],"post-slider-thumb-size":["https:\/\/sommet-sante-sexuelle.fr\/2023\/wp-content\/uploads\/sites\/3\/24.jpg",190,190,false],"1536x1536":["https:\/\/sommet-sante-sexuelle.fr\/2023\/wp-content\/uploads\/sites\/3\/24.jpg",1080,1080,false],"2048x2048":["https:\/\/sommet-sante-sexuelle.fr\/2023\/wp-content\/uploads\/sites\/3\/24.jpg",1080,1080,false],"the-conference-banner-slider":["https:\/\/sommet-sante-sexuelle.fr\/2023\/wp-content\/uploads\/sites\/3\/24.jpg",1008,1008,false],"the-conference-featured-page":["https:\/\/sommet-sante-sexuelle.fr\/2023\/wp-content\/uploads\/sites\/3\/24.jpg",470,470,false],"the-conference-icon-text-image":["https:\/\/sommet-sante-sexuelle.fr\/2023\/wp-content\/uploads\/sites\/3\/24.jpg",550,550,false],"the-conference-speaker":["https:\/\/sommet-sante-sexuelle.fr\/2023\/wp-content\/uploads\/sites\/3\/24.jpg",384,384,false],"the-conference-blog":["https:\/\/sommet-sante-sexuelle.fr\/2023\/wp-content\/uploads\/sites\/3\/24.jpg",519,519,false],"the-conference-blog-fullwidth":["https:\/\/sommet-sante-sexuelle.fr\/2023\/wp-content\/uploads\/sites\/3\/24.jpg",519,519,false],"the-conference-related":["https:\/\/sommet-sante-sexuelle.fr\/2023\/wp-content\/uploads\/sites\/3\/24.jpg",83,83,false],"the-conference-schema":["https:\/\/sommet-sante-sexuelle.fr\/2023\/wp-content\/uploads\/sites\/3\/24.jpg",60,60,false],"mailpoet_newsletter_max":["https:\/\/sommet-sante-sexuelle.fr\/2023\/wp-content\/uploads\/sites\/3\/24.jpg",1080,1080,false],"woocommerce_thumbnail":["https:\/\/sommet-sante-sexuelle.fr\/2023\/wp-content\/uploads\/sites\/3\/24.jpg",300,300,false],"woocommerce_single":["https:\/\/sommet-sante-sexuelle.fr\/2023\/wp-content\/uploads\/sites\/3\/24.jpg",600,600,false],"woocommerce_gallery_thumbnail":["https:\/\/sommet-sante-sexuelle.fr\/2023\/wp-content\/uploads\/sites\/3\/24.jpg",100,100,false]},"uagb_author_info":{"display_name":"Arnaud ZELER","author_link":"https:\/\/sommet-sante-sexuelle.fr\/2023\/author\/"},"uagb_comment_info":0,"uagb_excerpt":"Psychomotricienne sexologue au Centre Hospitalier Alpes-Is\u00e8re, B\u00e9reng\u00e8re Tonnot abordera l&rsquo;importance du corps et de ses mouvements dans la vie sexuelle et amoureuse. Elle pr\u00e9sentera \u00e9galement des exemples concrets de la prise en charge des troubles sexuels par la psychomotricit\u00e9, ainsi que des strat\u00e9gies pour renforcer la confiance en soi et la r\u00e9appropriation de son corps.\u2026","_links":{"self":[{"href":"https:\/\/sommet-sante-sexuelle.fr\/2023\/wp-json\/wp\/v2\/product\/783","targetHints":{"allow":["GET"]}}],"collection":[{"href":"https:\/\/sommet-sante-sexuelle.fr\/2023\/wp-json\/wp\/v2\/product"}],"about":[{"href":"https:\/\/sommet-sante-sexuelle.fr\/2023\/wp-json\/wp\/v2\/types\/product"}],"replies":[{"embeddable":true,"href":"https:\/\/sommet-sante-sexuelle.fr\/2023\/wp-json\/wp\/v2\/comments?post=783"}],"wp:featuredmedia":[{"embeddable":true,"href":"https:\/\/sommet-sante-sexuelle.fr\/2023\/wp-json\/wp\/v2\/media\/577"}],"wp:attachment":[{"href":"https:\/\/sommet-sante-sexuelle.fr\/2023\/wp-json\/wp\/v2\/media?parent=783"}],"wp:term":[{"taxonomy":"product_brand","embeddable":true,"href":"https:\/\/sommet-sante-sexuelle.fr\/2023\/wp-json\/wp\/v2\/product_brand?post=783"},{"taxonomy":"product_cat","embeddable":true,"href":"https:\/\/sommet-sante-sexuelle.fr\/2023\/wp-json\/wp\/v2\/product_cat?post=783"},{"taxonomy":"product_tag","embeddable":true,"href":"https:\/\/sommet-sante-sexuelle.fr\/2023\/wp-json\/wp\/v2\/product_tag?post=783"}],"curies":[{"name":"wp","href":"https:\/\/api.w.org\/{rel}","templated":true}]}}