{"id":774,"date":"2023-06-30T11:36:58","date_gmt":"2023-06-30T09:36:58","guid":{"rendered":"https:\/\/sommet-sante-sexuelle.fr\/2023\/produit\/conference-douverture-pourquoi-et-comment-aborder-la-question-de-la-vie-intime-et-relationnelle-avec-les-patients\/"},"modified":"2023-08-12T12:50:19","modified_gmt":"2023-08-12T10:50:19","slug":"conference-douverture-pourquoi-et-comment-aborder-la-question-de-la-vie-intime-et-relationnelle-avec-les-patients","status":"publish","type":"product","link":"https:\/\/sommet-sante-sexuelle.fr\/2023\/produit\/conference-douverture-pourquoi-et-comment-aborder-la-question-de-la-vie-intime-et-relationnelle-avec-les-patients\/","title":{"rendered":"Conf\u00e9rence d\u2019ouverture : Pourquoi et comment aborder la question de la vie intime et relationnelle avec les patients ?"},"content":{"rendered":"<p>Le Dr Arnaud Zeler a exerc\u00e9 la m\u00e9decine g\u00e9n\u00e9rale pendant plusieurs ann\u00e9es avant de s&rsquo;orienter vers la m\u00e9decine sexuelle.<\/p>\n<p>Dans le cadre de son intervention intitul\u00e9e \u00ab\u00a0Pourquoi et comment aborder la question de la vie intime et relationnelle avec les patients ?\u00a0\u00bb, il partagera avec Catherine TROADEC, psychologue clinicienne et sexologue, son expertise sur la mani\u00e8re d&rsquo;aborder la question de la sexualit\u00e9 avec les patients en consultation.<\/p>\n<p>Ensemble, ils fourniront des conseils pratiques aux professionnels de sant\u00e9 pour am\u00e9liorer leur capacit\u00e9 \u00e0 identifier les besoins sexuels de leurs patients et \u00e0 les prendre en compte dans leur diagnostic et leur plan de traitement.<\/p>\n","protected":false},"excerpt":{"rendered":"<p>Le Dr Arnaud Zeler a exerc\u00e9 la m\u00e9decine g\u00e9n\u00e9rale pendant plusieurs ann\u00e9es avant de s&rsquo;orienter vers la m\u00e9decine sexuelle. Dans le cadre de son intervention intitul\u00e9e \u00ab\u00a0Pourquoi et comment aborder la question de la vie intime et relationnelle avec les patients ?\u00a0\u00bb, il partagera avec Catherine TROADEC, psychologue clinicienne et sexologue, son expertise sur la &hellip; <\/p>\n","protected":false},"featured_media":566,"comment_status":"open","ping_status":"closed","template":"","meta":{"_acf_changed":false,"_uag_custom_page_level_css":""},"product_brand":[],"product_cat":[22],"product_tag":[],"class_list":{"0":"post-774","1":"product","2":"type-product","3":"status-publish","4":"has-post-thumbnail","6":"product_cat-non-classe","8":"first","9":"instock","10":"virtual","11":"sold-individually","12":"purchasable","13":"product-type-webinar"},"acf":[],"uagb_featured_image_src":{"full":["https:\/\/sommet-sante-sexuelle.fr\/2023\/wp-content\/uploads\/sites\/3\/13.jpg",1080,1080,false],"thumbnail":["https:\/\/sommet-sante-sexuelle.fr\/2023\/wp-content\/uploads\/sites\/3\/13-150x150.jpg",150,150,true],"medium":["https:\/\/sommet-sante-sexuelle.fr\/2023\/wp-content\/uploads\/sites\/3\/13.jpg",300,300,false],"medium_large":["https:\/\/sommet-sante-sexuelle.fr\/2023\/wp-content\/uploads\/sites\/3\/13.jpg",640,640,false],"large":["https:\/\/sommet-sante-sexuelle.fr\/2023\/wp-content\/uploads\/sites\/3\/13.jpg",640,640,false],"post-slider-thumb-size":["https:\/\/sommet-sante-sexuelle.fr\/2023\/wp-content\/uploads\/sites\/3\/13.jpg",190,190,false],"1536x1536":["https:\/\/sommet-sante-sexuelle.fr\/2023\/wp-content\/uploads\/sites\/3\/13.jpg",1080,1080,false],"2048x2048":["https:\/\/sommet-sante-sexuelle.fr\/2023\/wp-content\/uploads\/sites\/3\/13.jpg",1080,1080,false],"the-conference-banner-slider":["https:\/\/sommet-sante-sexuelle.fr\/2023\/wp-content\/uploads\/sites\/3\/13.jpg",1008,1008,false],"the-conference-featured-page":["https:\/\/sommet-sante-sexuelle.fr\/2023\/wp-content\/uploads\/sites\/3\/13.jpg",470,470,false],"the-conference-icon-text-image":["https:\/\/sommet-sante-sexuelle.fr\/2023\/wp-content\/uploads\/sites\/3\/13.jpg",550,550,false],"the-conference-speaker":["https:\/\/sommet-sante-sexuelle.fr\/2023\/wp-content\/uploads\/sites\/3\/13.jpg",384,384,false],"the-conference-blog":["https:\/\/sommet-sante-sexuelle.fr\/2023\/wp-content\/uploads\/sites\/3\/13.jpg",519,519,false],"the-conference-blog-fullwidth":["https:\/\/sommet-sante-sexuelle.fr\/2023\/wp-content\/uploads\/sites\/3\/13.jpg",519,519,false],"the-conference-related":["https:\/\/sommet-sante-sexuelle.fr\/2023\/wp-content\/uploads\/sites\/3\/13.jpg",83,83,false],"the-conference-schema":["https:\/\/sommet-sante-sexuelle.fr\/2023\/wp-content\/uploads\/sites\/3\/13.jpg",60,60,false],"mailpoet_newsletter_max":["https:\/\/sommet-sante-sexuelle.fr\/2023\/wp-content\/uploads\/sites\/3\/13.jpg",1080,1080,false],"woocommerce_thumbnail":["https:\/\/sommet-sante-sexuelle.fr\/2023\/wp-content\/uploads\/sites\/3\/13.jpg",300,300,false],"woocommerce_single":["https:\/\/sommet-sante-sexuelle.fr\/2023\/wp-content\/uploads\/sites\/3\/13.jpg",600,600,false],"woocommerce_gallery_thumbnail":["https:\/\/sommet-sante-sexuelle.fr\/2023\/wp-content\/uploads\/sites\/3\/13.jpg",100,100,false]},"uagb_author_info":{"display_name":"Arnaud ZELER","author_link":"https:\/\/sommet-sante-sexuelle.fr\/2023\/author\/"},"uagb_comment_info":0,"uagb_excerpt":"Le Dr Arnaud Zeler a exerc\u00e9 la m\u00e9decine g\u00e9n\u00e9rale pendant plusieurs ann\u00e9es avant de s&rsquo;orienter vers la m\u00e9decine sexuelle. Dans le cadre de son intervention intitul\u00e9e \u00ab\u00a0Pourquoi et comment aborder la question de la vie intime et relationnelle avec les patients ?\u00a0\u00bb, il partagera avec Catherine TROADEC, psychologue clinicienne et sexologue, son expertise sur la\u2026","_links":{"self":[{"href":"https:\/\/sommet-sante-sexuelle.fr\/2023\/wp-json\/wp\/v2\/product\/774","targetHints":{"allow":["GET"]}}],"collection":[{"href":"https:\/\/sommet-sante-sexuelle.fr\/2023\/wp-json\/wp\/v2\/product"}],"about":[{"href":"https:\/\/sommet-sante-sexuelle.fr\/2023\/wp-json\/wp\/v2\/types\/product"}],"replies":[{"embeddable":true,"href":"https:\/\/sommet-sante-sexuelle.fr\/2023\/wp-json\/wp\/v2\/comments?post=774"}],"wp:featuredmedia":[{"embeddable":true,"href":"https:\/\/sommet-sante-sexuelle.fr\/2023\/wp-json\/wp\/v2\/media\/566"}],"wp:attachment":[{"href":"https:\/\/sommet-sante-sexuelle.fr\/2023\/wp-json\/wp\/v2\/media?parent=774"}],"wp:term":[{"taxonomy":"product_brand","embeddable":true,"href":"https:\/\/sommet-sante-sexuelle.fr\/2023\/wp-json\/wp\/v2\/product_brand?post=774"},{"taxonomy":"product_cat","embeddable":true,"href":"https:\/\/sommet-sante-sexuelle.fr\/2023\/wp-json\/wp\/v2\/product_cat?post=774"},{"taxonomy":"product_tag","embeddable":true,"href":"https:\/\/sommet-sante-sexuelle.fr\/2023\/wp-json\/wp\/v2\/product_tag?post=774"}],"curies":[{"name":"wp","href":"https:\/\/api.w.org\/{rel}","templated":true}]}}

Conférence d’ouverture : Pourquoi et comment aborder la question de la vie intime et relationnelle avec les patients ?

<p>Le Dr Arnaud Zeler a exercé la médecine générale pendant plusieurs années avant de s&rsquo;orienter vers la médecine sexuelle.</p>
<p>Dans le cadre de son intervention intitulée « Pourquoi et comment aborder la question de la vie intime et relationnelle avec les patients ? », il partagera avec Catherine TROADEC, psychologue clinicienne et sexologue, son expertise sur la manière d&rsquo;aborder la question de la sexualité avec les patients en consultation.</p>
<p>Ensemble, ils fourniront des conseils pratiques aux professionnels de santé pour améliorer leur capacité à identifier les besoins sexuels de leurs patients et à les prendre en compte dans leur diagnostic et leur plan de traitement.</p>

<p>Le Dr Arnaud Zeler a exercé la médecine générale pendant plusieurs années avant de s&rsquo;orienter vers la médecine sexuelle. Dans le cadre de son intervention intitulée « Pourquoi et comment aborder la question de la vie intime et relationnelle avec les patients ? », il partagera avec Catherine TROADEC, psychologue clinicienne et sexologue, son expertise sur la &hellip; </p>

Le Dr Arnaud Zeler a exercé la médecine générale pendant plusieurs années avant de s&rsquo;orienter vers la médecine sexuelle. Dans le cadre de son intervention intitulée « Pourquoi et comment aborder la question de la vie intime et relationnelle avec les patients ? », il partagera avec Catherine TROADEC, psychologue clinicienne et sexologue, son expertise sur la…
